hest common divisor of 497484 and 52.
52
What is the greatest common factor of 4000 and 20660?
20
Calculate the greatest common factor of 58358 and 2.
2
Calculate the greatest common factor of 1935 and 79980.
645
What is the highest common divisor of 1375 and 99?
11
What is the highest common factor of 1876 and 12998?
134
What is the greatest common divisor of 8048 and 512?
16
Calculate the greatest common factor of 663 and 361998.
663
What is the highest common divisor of 428 and 7597?
107
What is the highest common factor of 1259705 and 5?
5
Calculate the greatest common factor of 280320 and 1314.
438
What is the highest common divisor of 45446 and 12028?
62
What is the greatest common divisor of 195783 and 21?
21
What is the highest common divisor of 5238 and 57456?
54
What is the greatest common divisor of 21370 and 10?
10
Calculate the highest common divisor of 923 and 1885.
13
What is the highest common divisor of 258524 and 14509?
1319
What is the greatest common factor of 177 and 633?
3
What is the greatest common factor of 7574 and 398?
2
What is the highest common factor of 9614 and 39330?
874
Calculate the greatest common divisor of 38014 and 2158.
166
What is the greatest common divisor of 430379 and 47?
47
Calculate the highest common factor of 42336 and 13392.
432
Calculate the greatest common divisor of 5044 and 6656.
52
Calculate the greatest common divisor of 94 and 66.
2
What is the greatest common divisor of 11 and 20600?
1
Calculate the highest common divisor of 12795992 and 968.
968
What is the greatest common factor of 297 and 56298?
33
Calculate the highest common factor of 12472 and 16.
8
What is the highest common divisor of 10486 and 637?
49
Calculate the highest common factor of 5335 and 11605.
55
What is the greatest common factor of 3022 and 3?
1
What is the highest common divisor of 4800 and 1515?
15
What is the highest common divisor of 4403 and 8687?
119
Calculate the highest common divisor of 11 and 60940.
11
Calculate the highest common divisor of 15 and 171.
3
What is the highest common factor of 1534 and 226?
2
Calculate the highest common divisor of 6369 and 20724.
33
What is the greatest common factor of 159 and 5625579?
159
What is the highest common divisor of 7424 and 5626?
58
What is the highest common factor of 3854494 and 14?
14
Calculate the highest common factor of 1155242 and 132.
22
Calculate the highest common factor of 140 and 12775.
35
Calculate the highest common factor of 7164569 and 851.
851
Calculate the greatest common factor of 135 and 11280.
15
Calculate the greatest common divisor of 71358 and 6.
6
Calculate the greatest common divisor of 9661 and 4.
1
Calculate the greatest common factor of 3327 and 201.
3
Calculate the greatest common factor of 38879 and 187.
17
Calculate the greatest common divisor of 77580 and 12240.
180
What is the greatest common divisor of 61248 and 48?
48
Calculate the highest common divisor of 12728042 and 1798.
1798
What is the greatest common factor of 264 and 21496?
8
What is the highest common divisor of 22090 and 3?
1
What is the highest common divisor of 1728 and 11502?
54
What is the highest common factor of 180192 and 1248?
96
What is the greatest common factor of 18 and 3450?
6
Calculate the highest common factor of 1880 and 1637950.
470
Calculate the greatest common factor of 30429 and 90160.
1127
What is the greatest common factor of 159645 and 4037?
367
What is the highest common divisor of 22 and 340274?
22
What is the highest common factor of 31 and 48701?
31
What is the highest common factor of 720 and 45315?
45
What is the highest common factor of 25 and 27323?
1
Calculate the highest common divisor of 496 and 1043212.
124
What is the highest common divisor of 31332 and 357?
21
Calculate the highest common divisor of 120 and 1710.
30
What is the highest common divisor of 41034 and 42?
42
Calculate the greatest common divisor of 126315 and 165.
15
Calculate the highest common divisor of 226 and 410755.
113
Calculate the greatest common factor of 299072 and 192.
64
Calculate the greatest common divisor of 616 and 37972.
44
Calculate the highest common factor of 4785 and 2805.
165
Calculate the highest common factor of 1638 and 53424.
126
What is the greatest common divisor of 316 and 4306764?
316
What is the highest common factor of 21063 and 79296?
1239
Calculate the highest common factor of 16756 and 16.
4
What is the greatest common factor of 962 and 41551?
37
Calculate the greatest common factor of 1364 and 55552.
124
What is the greatest common divisor of 192 and 2126688?
96
What is the highest common factor of 74 and 92130?
74
What is the greatest common factor of 13096 and 32?
8
Calculate the greatest common divisor of 1176 and 162024.
24
Calculate the highest common factor of 219 and 261194.
73
What is the greatest common divisor of 1806526 and 522?
58
Calculate the highest common divisor of 828 and 22.
2
What is the greatest common factor of 5683938 and 156?
78
What is the greatest common divisor of 17870 and 40?
10
What is the highest common divisor of 54936 and 534?
6
What is the highest common factor of 34512 and 1968?
48
What is the highest common divisor of 1268 and 1052?
4
Calculate the greatest common factor of 297270 and 630.
90
What is the highest common factor of 28224 and 14994?
882
Calculate the highest common divisor of 155 and 62.
31
Calculate the greatest common factor of 3030959 and 97.
97
What is the greatest common factor of 77 and 30233?
7
What is the greatest common factor of 144 and 234?
18
Calculate the greatest common factor of 1002644 and 6606.
734
Calculate the highest common divisor of 312 and 1597674.
78
Calculate the highest common divisor of 24 and 3032.
8
What is the greatest common divisor of 24640 and 2695?
385
Calculate the highest common divisor of 2764 and 5920.
4
Calculate the highest common factor of 1344 and 21984.
96
Calculate the greatest common factor of 2166351 and 33.
33
Calculate the greatest common factor of 4664 and 110.
22
What is the highest common divisor of 2600 and 56?
8
What is the greatest common divisor of 24920 and 38270?
890
Calculate the highest common divisor of 11793539 and 163.
163
What is the greatest common factor of 151 and 8453282?
151
Calculate the greatest common factor of 336498 and 918.
102
What is the highest common divisor of 9 and 154449?
9
What is the greatest common divisor of 4 and 60524?
4
Calculate the greatest common divisor of 997172 and 1211.
173
What is the highest common factor of 300 and 36525?
75
Calculate the greatest common divisor of 2852 and 10788.
124
What is the highest common divisor of 487071 and 1053?
117
What is the greatest common factor of 595376 and 2051?
293
Calculate the greatest common factor of 6358 and 206074.
374
Calculate the greatest common divisor of 201 and 211586.
67
What is the greatest common divisor of 40379 and 447?
149
Calculate the highest common factor of 7482 and 5568.
174
Calculate the greatest common divisor of 6204 and 34320.
132
Calculate the greatest common factor of 236224 and 1664.
64
Calculate the greatest common factor of 18227 and 55.
11
Calculate the highest common divisor of 72 and 19944.
72
Calculate the greatest common divisor of 55209 and 77.
77
Calculate the greatest common divisor of 477154 and 4086.
454
Calculate the highest common factor of 94 and 510091.
47
Calculate the highest common divisor of 958 and 1888697.
479
Calculate the highest common factor of 165110 and 114.
38
What is the greatest common factor of 96279 and 402?
201
Calculate the highest common divisor of 5790 and 90.
30
Calculate the greatest common divisor of 27550 and 23142.
1102
What is the highest common factor of 164 and 18819?
41
Calculate the highest common divisor of 21008 and 39.
13
Calculate the greatest common factor of 11583 and 8073.
351
Calculate the highest common divisor of 703 and 228.
19
Calculate the greatest common factor of 1018928 and 86.
86
What is the highest common divisor of 20801 and 85888?
671
What is the highest common divisor of 78545 and 460?
115
Calculate the greatest common divisor of 595 and 18335.
5
Calculate the greatest common factor of 16272 and 144.
144
Calculate the greatest common divisor of 91 